 -4 - -6. Suppose s*h = 5*r - 1, 5*h = -0*h + 5*r - 25. Is b(h) a prime number?
False
Let p(a) = 2370*a**3 - 2*a + 1. Is p(1) a prime number?
False
Let t = 0 - -43. Let b = -24 + t. Is b composite?
False
Is 2 - (-4 + 1) - -206 composite?
False
Suppose -2*b + 10 = -3*b. Let i(x) = -8*x + 9. Is i(b) composite?
False
Let j = -2734 - -4313. Is j a composite number?
False
Let o be -4*1*1/(-2). Let u be -1 + 3 - o/(-2). Suppose g + 5*k = u*g - 209, 5*k + 403 = 4*g. Is g a composite number?
False
Suppose 0 = 46*c - 41*c - 8285. Is c prime?
True
Suppose 0*x = 4*w - 4*x - 256, -5*w = 3*x - 280. Let m = -19 + -5. Let r = w - m. Is r a prime number?
True
Let w(g) = 117*g**2 + 3*g - 1. Let x be w(2). Suppose -d = 4*m - 4*d - x, m - 102 = 4*d. Is m composite?
True
Let y = 244 - 138. Is y a prime number?
False
Is -3*16/12 - (-626 - 1) a prime number?
False
Let n be (14*-1)/(1/(-2)). Let f be -6*(0 - n/3). Suppose -5*a + f = -39. Is a composite?
False
Let f = -189 + 3980. Is f prime?
False
Suppose -554 = -2*d - 36. Is d a prime number?
False
Let a(d) = 2*d**2 + 28*d - 32. Is a(-19) a composite number?
True
Suppose x = -h + 5 + 10, 4*x + 75 = 5*h. Let b = h - -64. Is b a composite number?
False
Is 80 + 8/(-4) - 1 a composite number?
True
Let c(o) = 200*o**2 + o. Let x be c(1). Let v = -10 - -55. Suppose 0 = -4*t + x - v. Is t a prime number?
False
Suppose 0*p - 2*p = 5*f - 9184, -3*f = -3*p + 13797. Is p a prime number?
True
Let i(w) = -w**3 - 9*w**2 + w + 8. Let h be i(-9). Is (-121)/h - (2 - 2) prime?
False
Let j = -2 - 3. Let q = j + 60. Is q composite?
True
Suppose -i = m + i - 4, 9 = 3*i. Let z = 1 + m. Is ((-16)/2 + 1)*z a composite number?
False
Let a = -11 + -87. Let y = -45 - a. Is y composite?
False
Let p(b) = 12*b + 3. Let k(m) = -11*m - 2. Let g(y) = 3*k(y) + 2*p(y). Let q be g(-1). Let j(f) = 8*f - 3. Is j(q) a composite number?
True
Suppose 2*k - 4*u - 16 = -k, k = 4*u + 16. Suppose -3*f + 5*f - 74 = k. Is f a prime number?
True
Suppose 10*z - 8*z = 62. Is z composite?
False
Suppose 4*q = -5*d - 42, -7 = q + 3*d - 0*d. Let b(x) = x**2 + 14*x + 10. Let m be b(q). Is m + ((-304)/2)/(-1) a composite number?
False
Suppose 3*j + 13 = 2*b - 17, 8 = -2*j. Let x be (-3)/2 + b/6. Suppose -8*g + 3*g - z + 243 = x, 235 = 5*g + 5*z. Is g a composite number?
True
Let n(z) = 51*z**3 - z + 1. Is n(2) a prime number?
False
Let k(z) = 1047*z**2 + 4*z + 1. Is k(-2) composite?
True
Let n(s) = 682*s + 19. Is n(6) prime?
True
Let h be 1/(-3) - (-5)/(-3). Let y(o) be the second derivative of -15*o**3/2 - o**2/2 - 9*o. Is y(h) prime?
True
Let c(j) = -13*j**3 - 2*j**2 + j + 1. Is c(-3) composite?
False
Let b = -12 - -1413. Suppose -4*k + b = -k. Is k a composite number?
False
Suppose -6*f + 4*f + 3670 = 0. Is f a composite number?
True
Suppose 2*i + 7 - 15 = 0. Suppose -i*o = -3*o - 327. Is o a composite number?
True
Let a = 1118 - 642. Let u = a - 327. Is u composite?
False
Let m(j) = 17*j**2 + 1. Let z be m(1). Let v be (-2)/4 - 5/2. Let w = z + v. Is w prime?
False
Let p(u) = 2*u - 4. Let w(t) = -t. Let h(x) = -p(x) - 3*w(x). Is h(7) a prime number?
True
Let m(d) = -3*d**3 - 13*d**2 + 6*d + 13. Let i(w) = -7*w**3 - 27*w**2 + 13*w + 27. Let v(o) = 2*i(o) - 5*m(o). Is v(-11) prime?
False
Suppose -30 = -4*i - 2*i. Suppose 0 = -2*z - 2*z + 8. Suppose 6 = z*t + 2, i*x + 3*t = 751. Is x composite?
False
Let q = 10 + -15. Let r(g) be the first derivative of -4*g**2 - 3*g + 1. Is r(q) a composite number?
False
Let o(c) = 4*c**3 - 2*c**2 + 5*c - 1. Is o(6) composite?
False
Let z(i) = 58*i**2 - 3*i - 11. Is z(-6) composite?
True
Let h be 1 - 0 - (0 - -467). Is h/(-6) + 4/(-6) prime?
False
Let p(y) = -4*y**3 + y. Let x be p(-1). Let a(b) = 2*b**2 - b**x - 3*b**2 + 0*b**3 + b + 31. Is a(0) prime?
True
Let i be ((-6)/(-1))/3 - -1. Suppose -u + 117 = 3*z, 4*u + z - 440 = i*z. Is u a prime number?
False
Let n(y) = y - 1. Let i(m) = -7*m + 3. Let j(g) = i(g) + 5*n(g). Let q(h) = -7*h**2 - 2*h + 1. Let o be q(1). Is j(o) a prime number?
False
Let d be 0 + 0 - (-453)/3. Let a = d + 84. Suppose 2*y = -5*k + 389, 3*k = -2*y - 0*y + a. Is k a prime number?
False
Let d(q) = 5 + 5*q + 0 + 3 + q**2 + 2*q. Let n be d(-6). Suppose n*x - 385 = -3*x. Is x a composite number?
True
Suppose -24 + 74 = -5*s. Let z be (-20 - (2 - 2))*1. Let j = s - z. Is j prime?
False
Suppose 4*o - 2*v = 1610, -o + 0*v + v = -402. Is o a composite number?
True
Let g be (-10)/(1 + -2 - 1). Let h(s) = -s**3 + 7*s**2 - s + 1. Is h(g) composite?
True
Let u(g) = g**2 - 2*g - 1. Let x be u(3). Let i(l) = -l**3 + 3*l**2 - l + 1. Let m be i(x). Suppose m*a = -4*n + 72, -3*n - 4*a + 59 = -3*a. Is n prime?
False
Let k(v) = 2 - 2*v + 2 + 52*v**2 - 3 - 2. Is k(-1) composite?
False
Let o = 557 - 322. Is o composite?
True
Let p = -8 - -16. Let k = p - 3. Let b(q) = 4*q - 5. Is b(k) a prime number?
False
Suppose 4*v - 4*x - 8 = 0, -12 = -3*v + x - 0. Suppose -v*q + 817 = h, 35 + 124 = q - 2*h. Is q a prime number?
True
Suppose 5*u - 1527 = 548. Is u prime?
False
Let v(d) = 4*d**3 - d**2 - d + 1. Let f(p) = p**2 - 5*p + 2. Let m be f(5). Let t be v(m). Suppose -r - w = -44, -r + 2*w + 26 + t = 0. Is r a composite number?
False
Let v(w) = -19*w**3 + 3*w**2 + w + 1. Suppose 18 = -5*r - 4*l, -6*r - 6 = -r - 2*l. Is v(r) a composite number?
False
Suppose 0 = -4*p - 3*a + 1485, -2*a + 740 = 2*p + 2*a. Let c = p + -209. Is c composite?
False
Is 3 + (-2 + 1202)/4 prime?
False
Let s = 1 + -1. Suppose 4*l - 9 - 7 = s. Suppose 5*z + 0*p - 266 = -p, -l*z = 4*p - 216. Is z composite?
False
Suppose 2*h + t + 1627 = 8025, -5*h - t + 15995 = 0. Is h composite?
True
Suppose r = 2*r + 4*q - 693, 0 = 4*r - 2*q - 2718. Is r composite?
True
Let l = -4 - -9. Suppose 77 - 387 = -l*m. Is m composite?
True
Suppose 4*o - 16 = 280. Is o prime?
False
Let m = -51 + 21. Let v be (3/(-5))/(6/m). Suppose -v*i - n - n = -49, -i = n - 15. Is i a prime number?
True
Is 263/3 + 2/(-3) prime?
False
Let a(s) = -3*s - 2. Is a(-13) a composite number?
False
Let w = 21 + -13. Suppose 3*u - 368 = -4*p, 5*p - w*u + 3*u - 425 = 0. Is p prime?
True
Let d(y) be the third derivative of -y**6/120 + 11*y**5/60 - y**4/24 + 7*y**3/6 + 15*y**2. Let b be (3 + 0)/((-6)/(-20)). Is d(b) a prime number?
True
Let n be 0/(-3 + (0 - -5)). Suppose -316 = -4*i - n*i. Is i prime?
True
Let w(d) = -d**3 + 8*d**2 - 6*d + 3. Let j be w(5). Suppose -96 - j = -3*y. Suppose y = -4*v + 500. Is v composite?
False
Suppose -9*p = -10*p + 191. Is p composite?
False
Let z(b) = 1 - 5 - 11*b + 1. Let c be 12/(-5) - 4/(-10). Is z(c) prime?
True
Let t be -1 - 2 - (3 - 10). Suppose -o + 80 = q, 3*q + t*o = 108 + 129. Is q composite?
False
Let s be 1/(93/30 - 3). Is ((-6)/s)/(1/(-215)) composite?
True
Suppose -5*y - 1 = 4. Let z be (-6 + 1)*1*y. Suppose z*n + 3*k = 323, 0 = -4*n + 2*k + 250 + 26. Is n a composite number?
False
Suppose -6*o + 4*o + 4 = 0. Suppose -o*u + 18 + 2 = 0. Is u composite?
True
Let i(u) be the first derivative of -u**2/2 + 2*u - 1. Let a be i(-2). Suppose 832 = 4*z - a*q, -z - 28 = -4*q - 227. Is z a composite number?
False
Let n = 23 - 20. Suppose r + n*r - 524 = 0. Is r composite?
False
Suppose b + 878 = -455. Let y = 2024 + b. Is y prime?
True
Let x = -131 + -21. Let u = -94 - x. Is u a composite number?
True
Let y = 43 - -46. Is y prime?
True
Let g = -1448 - -2119. Is g prime?
False
Let x(k) = 172*k**2 - k - 1. Is x(2) prime?
False
Suppose -5*d - 3*c = -5447, -4*d + 5423 = d - 3*c. Is d prime?
True
Suppose -69 = -4*q + 5*j - 24, -2*j - 20 = -2*q. Let u be 2/(-2) + q*1. Suppose -655 = -u*s - s. Is s composite?
False
Let u be 32/18 - (-4)/18. Is u/((-6)/(-165))*1 a composite number?
True
Is (-24122)/(-10) + 276/(-230) a prime number?
True
Is (0 - (-6)/(-3)) + 165 prime?
True
Let l(n) = 37*n**3 + 3*n**2 - 3*n + 1. Is l(2) a composite number?
True
Is 3 - 0 - 2*-115 prime?
True
Let q(z) = -5*z**3 - 3*z**2 - z - 4. Is q(-5) composite?
True
Let d be -64 - (1 + 2) - 0. Let l = -30 - d. Is l composite?
False
Let z(i) = -20*i + 1. Let h be z(-7). Suppose 0 = 3*w - 15 + h. Is ((-28)/21)/(4/w) a composite number?
True
Let f(s) be the second derivative of 8*s**4/3 - s**3/2 + s**2 + s. Let t be f(2). Suppose t = 4*i - 0*i. Is i prime?
True
Suppose 5*m + 0*m = -2865. Is (-1)/2 - m/6 composite